{"id":51,"date":"2025-09-09T03:45:21","date_gmt":"2025-09-09T03:45:21","guid":{"rendered":"https:\/\/paltasrodriguez.cl\/?page_id=51"},"modified":"2025-09-09T21:16:33","modified_gmt":"2025-09-09T21:16:33","slug":"contacto","status":"publish","type":"page","link":"https:\/\/paltasrodriguez.cl\/?page_id=51","title":{"rendered":"Contacto"},"content":{"rendered":"\n<p><\/p>\n\n\n\n<p><strong>Horario de atenci\u00f3n:<\/strong> Lunes a S\u00e1bado, 8:00 &#8211; 18:00 hrs<\/p>\n\n\n\n<p><strong>Formas de contacto:<\/strong><\/p>\n\n\n\n<ul class=\"wp-block-list\">\n<li>WhatsApp: [N\u00famero de contacto]<\/li>\n\n\n\n<li>Tel\u00e9fono: [N\u00famero de contacto]<\/li>\n\n\n\n<li>Email: [<a href=\"mailto:correo@paltasrodriguez.cl\">correo@paltasrodriguez.cl<\/a>]<\/li>\n\n\n\n<li>Redes sociales: @paltasrodriguez<\/li>\n<\/ul>\n\n\n\n<h3 class=\"wp-block-heading\">Informaci\u00f3n para Pedidos<\/h3>\n\n\n\n<ul class=\"wp-block-list\">\n<li>Pedidos mayoristas: M\u00ednimo [X] kilos<\/li>\n\n\n\n<li>Pedidos minoristas: Consultar disponibilidad<\/li>\n\n\n\n<li>Venta al detalle: Sin m\u00ednimo de compra<\/li>\n\n\n\n<li>Delivery: Consultar zonas y costos de despacho<\/li>\n<\/ul>\n","protected":false},"excerpt":{"rendered":"<p>Horario de atenci\u00f3n: Lunes a S\u00e1bado, 8:00 &#8211; 18:00 hrs Formas de contacto: Informaci\u00f3n para Pedidos<\/p>\n","protected":false},"author":1,"featured_media":0,"parent":0,"menu_order":0,"comment_status":"closed","ping_status":"closed","template":"","meta":{"_eb_attr":"","footnotes":""},"class_list":["post-51","page","type-page","status-publish","hentry"],"_links":{"self":[{"href":"https:\/\/paltasrodriguez.cl\/index.php?rest_route=\/wp\/v2\/pages\/51","targetHints":{"allow":["GET"]}}],"collection":[{"href":"https:\/\/paltasrodriguez.cl\/index.php?rest_route=\/wp\/v2\/pages"}],"about":[{"href":"https:\/\/paltasrodriguez.cl\/index.php?rest_route=\/wp\/v2\/types\/page"}],"author":[{"embeddable":true,"href":"https:\/\/paltasrodriguez.cl\/index.php?rest_route=\/wp\/v2\/users\/1"}],"replies":[{"embeddable":true,"href":"https:\/\/paltasrodriguez.cl\/index.php?rest_route=%2Fwp%2Fv2%2Fcomments&post=51"}],"version-history":[{"count":3,"href":"https:\/\/paltasrodriguez.cl\/index.php?rest_route=\/wp\/v2\/pages\/51\/revisions"}],"predecessor-version":[{"id":102,"href":"https:\/\/paltasrodriguez.cl\/index.php?rest_route=\/wp\/v2\/pages\/51\/revisions\/102"}],"wp:attachment":[{"href":"https:\/\/paltasrodriguez.cl\/index.php?rest_route=%2Fwp%2Fv2%2Fmedia&parent=51"}],"curies":[{"name":"wp","href":"https:\/\/api.w.org\/{rel}","templated":true}]}}